{"id":291,"date":"2024-04-30T22:44:32","date_gmt":"2024-04-30T20:44:32","guid":{"rendered":"http:\/\/iks-spartakus.kozminwlkp.pl\/?page_id=291"},"modified":"2026-05-15T16:56:17","modified_gmt":"2026-05-15T14:56:17","slug":"harmonogram-korzystania-z-kortu-30-04-2024","status":"publish","type":"page","link":"https:\/\/iks-spartakus.kozminwlkp.pl\/index.php\/harmonogram-korzystania-z-kortu-30-04-2024\/","title":{"rendered":"Harmonogram korzystania z kortu"},"content":{"rendered":"\n<h2 class=\"wp-block-heading\"><strong>Sezon 2026<\/strong><\/h2>\n\n\n\n<h3 class=\"wp-block-heading\"><strong>Prosimy o zapoznanie si\u0119 z regulaminem korzystania z kortu<\/strong>. <br>Uwagi prosimy zg\u0142asza\u0107 telefonicznie lub poprzez komunikatory.<\/h3>\n\n\n\n<figure class=\"wp-block-image size-large\"><img loading=\"lazy\" decoding=\"async\" width=\"1024\" height=\"412\" src=\"https:\/\/iks-spartakus.kozminwlkp.pl\/wp-content\/uploads\/2026\/05\/obraz-6-1024x412.png\" alt=\"\" class=\"wp-image-824\" srcset=\"https:\/\/iks-spartakus.kozminwlkp.pl\/wp-content\/uploads\/2026\/05\/obraz-6-1024x412.png 1024w, https:\/\/iks-spartakus.kozminwlkp.pl\/wp-content\/uploads\/2026\/05\/obraz-6-300x121.png 300w, https:\/\/iks-spartakus.kozminwlkp.pl\/wp-content\/uploads\/2026\/05\/obraz-6-768x309.png 768w, https:\/\/iks-spartakus.kozminwlkp.pl\/wp-content\/uploads\/2026\/05\/obraz-6.png 1337w\" sizes=\"auto, (max-width: 1024px) 100vw, 1024px\" \/><\/figure>\n\n\n\n<figure class=\"wp-block-image size-full is-resized\"><a href=\"http:\/\/iks-spartakus.kozminwlkp.pl\/wp-content\/uploads\/2025\/05\/Regulamin-korzystania-z-kortu-IKS-Spartakus-scaled.png\"><img loading=\"lazy\" decoding=\"async\" width=\"597\" height=\"121\" src=\"http:\/\/iks-spartakus.kozminwlkp.pl\/wp-content\/uploads\/2025\/05\/image-6.png\" alt=\"\" class=\"wp-image-490\" style=\"width:419px;height:auto\" srcset=\"https:\/\/iks-spartakus.kozminwlkp.pl\/wp-content\/uploads\/2025\/05\/image-6.png 597w, https:\/\/iks-spartakus.kozminwlkp.pl\/wp-content\/uploads\/2025\/05\/image-6-300x61.png 300w\" sizes=\"auto, (max-width: 597px) 100vw, 597px\" \/><\/a><\/figure>\n\n\n\n<div class=\"wp-block-file\"><a id=\"wp-block-file--media-b52a33c1-edaf-4a74-aa31-402501e9c3c2\" href=\"http:\/\/iks-spartakus.kozminwlkp.pl\/wp-content\/uploads\/2025\/05\/Regulamin-korzystania-z-kortu-IKS-Spartakus-scaled.png\"><strong>REGULAMIN KORZYSTANIA Z KORTU<\/strong><\/a><a href=\"http:\/\/iks-spartakus.kozminwlkp.pl\/wp-content\/uploads\/2025\/05\/Regulamin-korzystania-z-kortu-IKS-Spartakus-scaled.png\" class=\"wp-block-file__button wp-element-button\" download aria-describedby=\"wp-block-file--media-b52a33c1-edaf-4a74-aa31-402501e9c3c2\">Pobierz<\/a><\/div>\n\n\n\n<p><\/p>\n\n\n\n<h2 class=\"wp-block-heading\"><strong>Uwagi:<\/strong><\/h2>\n\n\n\n<ul class=\"wp-block-list\">\n<li><strong>Z cz\u0142onkiem klubu maj\u0105cym op\u0142acon\u0105 roczn\u0105 sk\u0142adk\u0119 cz\u0142onkowsk\u0105 mo\u017ce korzysta\u0107 z kortu jedna osoba, kt\u00f3ra nie jest cz\u0142onkiem klubu (wyj\u0105tek stanowi najbli\u017csza rodzina tj. dzieci, \u017cona, m\u0105\u017c).<\/strong><\/li>\n\n\n\n<li>Zarz\u0105d zastrzega sobie prawo do wy\u0142\u0105czenia rezerwacji kortu w szczeg\u00f3lnych i uzasadnionych sytuacjach takich jak; organizacja turnieju, z\u0142y stan nawierzchni kortu, niesprzyjaj\u0105ce warunki pogodowe.<\/li>\n\n\n\n<li>Odwo\u0142ania rezerwacji kortu na potrzeby rozgrywek i turniej\u00f3w organizowanych w ramach dzia\u0142alno\u015bci naszego Klubu b\u0119d\u0105 og\u0142aszane na bie\u017c\u0105co. Nale\u017cy mie\u0107 na uwadze, \u017ce rezerwacje sobotnie i niedzielne s\u0105 obarczone ryzykiem rozgrywania w te dni turniej\u00f3w. O wszystkich przewidywanych rezerwacjach b\u0119dziemy informowa\u0107 na bie\u017c\u0105co.<\/li>\n\n\n\n<li>Je\u015bli s\u0105 jakiekolwiek w\u0105tpliwo\u015bci prosimy o kontakt telefoniczny (sms) lub drog\u0105 mailow\u0105 (Jarek lub Marek).<\/li>\n<\/ul>\n","protected":false},"excerpt":{"rendered":"<p>Sezon 2026 Prosimy o zapoznanie si\u0119 z regulaminem korzystania z kortu. Uwagi prosimy zg\u0142asza\u0107 telefonicznie lub poprzez komunikatory. Uwagi:<\/p>\n","protected":false},"author":1,"featured_media":0,"parent":0,"menu_order":0,"comment_status":"closed","ping_status":"closed","template":"","meta":{"footnotes":""},"class_list":["post-291","page","type-page","status-publish","hentry"],"_links":{"self":[{"href":"https:\/\/iks-spartakus.kozminwlkp.pl\/index.php\/wp-json\/wp\/v2\/pages\/291","targetHints":{"allow":["GET"]}}],"collection":[{"href":"https:\/\/iks-spartakus.kozminwlkp.pl\/index.php\/wp-json\/wp\/v2\/pages"}],"about":[{"href":"https:\/\/iks-spartakus.kozminwlkp.pl\/index.php\/wp-json\/wp\/v2\/types\/page"}],"author":[{"embeddable":true,"href":"https:\/\/iks-spartakus.kozminwlkp.pl\/index.php\/wp-json\/wp\/v2\/users\/1"}],"replies":[{"embeddable":true,"href":"https:\/\/iks-spartakus.kozminwlkp.pl\/index.php\/wp-json\/wp\/v2\/comments?post=291"}],"version-history":[{"count":40,"href":"https:\/\/iks-spartakus.kozminwlkp.pl\/index.php\/wp-json\/wp\/v2\/pages\/291\/revisions"}],"predecessor-version":[{"id":825,"href":"https:\/\/iks-spartakus.kozminwlkp.pl\/index.php\/wp-json\/wp\/v2\/pages\/291\/revisions\/825"}],"wp:attachment":[{"href":"https:\/\/iks-spartakus.kozminwlkp.pl\/index.php\/wp-json\/wp\/v2\/media?parent=291"}],"curies":[{"name":"wp","href":"https:\/\/api.w.org\/{rel}","templated":true}]}}